[INFO] cloning repository https://github.com/mehcode/lintel-nes
[INFO] running `Command { std: "git" "-c" "credential.helper=" "-c" "credential.helper=/workspace/cargo-home/bin/git-credential-null" "clone" "--bare" "https://github.com/mehcode/lintel-nes" "/workspace/cache/git-repos/https%3A%2F%2Fgithub.com%2Fmehcode%2Flintel-nes", kill_on_drop: false }`
[INFO] [stderr] Cloning into bare repository '/workspace/cache/git-repos/https%3A%2F%2Fgithub.com%2Fmehcode%2Flintel-nes'...
[INFO] running `Command { std: "git" "rev-parse" "HEAD", kill_on_drop: false }`
[INFO] [stdout] fbc2385fdf8ebd3a6a31bbd8f7dd044b307f6dd3
[INFO] building mehcode/lintel-nes against master#881c1ac408d93bb7adaa3a51dabab9266e82eee8 for issue-85264
[INFO] running `Command { std: "git" "clone" "/workspace/cache/git-repos/https%3A%2F%2Fgithub.com%2Fmehcode%2Flintel-nes" "/workspace/builds/worker-5/source", kill_on_drop: false }`
[INFO] [stderr] Cloning into '/workspace/builds/worker-5/source'...
[INFO] [stderr] done.
[INFO] validating manifest of git repo https://github.com/mehcode/lintel-nes on toolchain 881c1ac408d93bb7adaa3a51dabab9266e82eee8
[INFO] running `Command { std: "/workspace/cargo-home/bin/cargo" "+881c1ac408d93bb7adaa3a51dabab9266e82eee8" "metadata" "--manifest-path" "Cargo.toml" "--no-deps", kill_on_drop: false }`
[INFO] started tweaking git repo https://github.com/mehcode/lintel-nes
[INFO] finished tweaking git repo https://github.com/mehcode/lintel-nes
[INFO] tweaked toml for git repo https://github.com/mehcode/lintel-nes written to /workspace/builds/worker-5/source/Cargo.toml
[INFO] crate git repo https://github.com/mehcode/lintel-nes already has a lockfile, it will not be regenerated
[INFO] running `Command { std: "/workspace/cargo-home/bin/cargo" "+881c1ac408d93bb7adaa3a51dabab9266e82eee8" "fetch" "--manifest-path" "Cargo.toml", kill_on_drop: false }`
[INFO] [stderr]  Downloading crates ...
[INFO] [stderr]   Downloaded sdl2-sys v0.27.2
[INFO] [stderr]   Downloaded sdl2 v0.27.2
[INFO] [stderr]   Downloaded strfmt v0.1.5
[INFO] running `Command { std: "docker" "create" "-v" "/var/lib/crater-agent-workspace/builds/worker-5/target:/opt/rustwide/target:rw,Z" "-v" "/var/lib/crater-agent-workspace/builds/worker-5/source:/opt/rustwide/workdir:ro,Z" "-v" "/var/lib/crater-agent-workspace/cargo-home:/opt/rustwide/cargo-home:ro,Z" "-v" "/var/lib/crater-agent-workspace/rustup-home:/opt/rustwide/rustup-home:ro,Z" "-e" "SOURCE_DIR=/opt/rustwide/workdir" "-e" "CARGO_TARGET_DIR=/opt/rustwide/target" "-e" "CARGO_HOME=/opt/rustwide/cargo-home" "-e" "RUSTUP_HOME=/opt/rustwide/rustup-home" "-w" "/opt/rustwide/workdir" "-m" "1610612736" "--user" "0:0" "--network" "none" "ghcr.io/rust-lang/crates-build-env/linux@sha256:20528e8c29e4536546f0102ce88568b16ea7538393a33fcca951030f7af10457" "/opt/rustwide/cargo-home/bin/cargo" "+881c1ac408d93bb7adaa3a51dabab9266e82eee8" "metadata" "--no-deps" "--format-version=1", kill_on_drop: false }`
[INFO] [stdout] 7167ad049c87b64c3990a5f44cc50c0bcc03f2ddd3722a4ed2719e7d8366cbcb
[INFO] [stderr] WARNING: Your kernel does not support swap limit capabilities or the cgroup is not mounted. Memory limited without swap.
[INFO] running `Command { std: "docker" "start" "-a" "7167ad049c87b64c3990a5f44cc50c0bcc03f2ddd3722a4ed2719e7d8366cbcb", kill_on_drop: false }`
[INFO] running `Command { std: "docker" "inspect" "7167ad049c87b64c3990a5f44cc50c0bcc03f2ddd3722a4ed2719e7d8366cbcb", kill_on_drop: false }`
[INFO] running `Command { std: "docker" "rm" "-f" "7167ad049c87b64c3990a5f44cc50c0bcc03f2ddd3722a4ed2719e7d8366cbcb", kill_on_drop: false }`
[INFO] [stdout] 7167ad049c87b64c3990a5f44cc50c0bcc03f2ddd3722a4ed2719e7d8366cbcb
[INFO] running `Command { std: "docker" "create" "-v" "/var/lib/crater-agent-workspace/builds/worker-5/target:/opt/rustwide/target:rw,Z" "-v" "/var/lib/crater-agent-workspace/builds/worker-5/source:/opt/rustwide/workdir:ro,Z" "-v" "/var/lib/crater-agent-workspace/cargo-home:/opt/rustwide/cargo-home:ro,Z" "-v" "/var/lib/crater-agent-workspace/rustup-home:/opt/rustwide/rustup-home:ro,Z" "-e" "SOURCE_DIR=/opt/rustwide/workdir" "-e" "CARGO_TARGET_DIR=/opt/rustwide/target" "-e" "CARGO_INCREMENTAL=0" "-e" "RUST_BACKTRACE=full" "-e" "RUSTFLAGS=--cap-lints=forbid" "-e" "CARGO_HOME=/opt/rustwide/cargo-home" "-e" "RUSTUP_HOME=/opt/rustwide/rustup-home" "-w" "/opt/rustwide/workdir" "-m" "1610612736" "--user" "0:0" "--network" "none" "ghcr.io/rust-lang/crates-build-env/linux@sha256:20528e8c29e4536546f0102ce88568b16ea7538393a33fcca951030f7af10457" "/opt/rustwide/cargo-home/bin/cargo" "+881c1ac408d93bb7adaa3a51dabab9266e82eee8" "build" "--frozen" "--message-format=json", kill_on_drop: false }`
[INFO] [stderr] WARNING: Your kernel does not support swap limit capabilities or the cgroup is not mounted. Memory limited without swap.
[INFO] [stdout] 2e62f0a8f7700ce5725bcae492d9901eab38e95c64ca139f45f6fe072fc5ac3a
[INFO] running `Command { std: "docker" "start" "-a" "2e62f0a8f7700ce5725bcae492d9901eab38e95c64ca139f45f6fe072fc5ac3a", kill_on_drop: false }`
[INFO] [stderr]    Compiling libc v0.2.18
[INFO] [stderr]    Compiling winapi-build v0.1.1
[INFO] [stderr]    Compiling winapi v0.2.8
[INFO] [stderr]    Compiling num-traits v0.1.36
[INFO] [stderr]    Compiling sdl2-sys v0.27.2
[INFO] [stderr]    Compiling utf8-ranges v0.1.3
[INFO] [stderr]    Compiling regex-syntax v0.3.9
[INFO] [stderr]    Compiling lazy_static v0.2.2
[INFO] [stderr]    Compiling bitflags v0.7.0
[INFO] [stderr]    Compiling log v0.3.6
[INFO] [stderr]    Compiling strfmt v0.1.5
[INFO] [stderr]    Compiling kernel32-sys v0.2.2
[INFO] [stderr]    Compiling memchr v0.1.11
[INFO] [stderr]    Compiling rand v0.3.15
[INFO] [stderr]    Compiling aho-corasick v0.5.3
[INFO] [stderr]    Compiling num-integer v0.1.32
[INFO] [stderr]    Compiling thread-id v2.0.0
[INFO] [stderr]    Compiling thread_local v0.2.7
[INFO] [stderr]    Compiling num-iter v0.1.32
[INFO] [stderr]    Compiling num v0.1.36
[INFO] [stderr]    Compiling sdl2 v0.27.2
[INFO] [stderr]    Compiling regex v0.1.80
[INFO] [stderr]    Compiling env_logger v0.3.5
[INFO] [stderr]    Compiling lintel_nes v0.0.0 (/opt/rustwide/workdir)
[INFO] [stdout] warning: trait objects without an explicit `dyn` are deprecated
[INFO] [stdout]   --> src/controller.rs:48:53
[INFO] [stdout]    |
[INFO] [stdout] 48 | pub fn from_cartridge(cartridge: &Cartridge) -> Box<Controller> {
[INFO] [stdout]    |                                                     ^^^^^^^^^^ help: use `dyn`: `dyn Controller`
[INFO] [stdout]    |
[INFO] [stdout]    = note: `#[warn(bare_trait_objects)]` on by default
[INFO] [stdout]    = warning: this was previously accepted by the compiler but is being phased out; it will become a hard error in the 2021 edition!
[INFO] [stdout]    = note: for more information, see issue #80165 <https://github.com/rust-lang/rust/issues/80165>
[INFO] [stdout] 
[INFO] [stdout] 
[INFO] [stdout] warning: `...` range patterns are deprecated
[INFO] [stdout]   --> src/controller.rs:77:19
[INFO] [stdout]    |
[INFO] [stdout] 77 |             0x0000...0x1FFF => ram[(address & 0x07FF) as usize],
[INFO] [stdout]    |                   ^^^ help: use `..=` for an inclusive range
[INFO] [stdout]    |
[INFO] [stdout]    = note: `#[warn(ellipsis_inclusive_range_patterns)]` on by default
[INFO] [stdout]    = warning: this was previously accepted by the compiler but is being phased out; it will become a hard error in the 2021 edition!
[INFO] [stdout]    = note: for more information, see issue #80165 <https://github.com/rust-lang/rust/issues/80165>
[INFO] [stdout] 
[INFO] [stdout] 
[INFO] [stdout] warning: `...` range patterns are deprecated
[INFO] [stdout]   --> src/controller.rs:80:19
[INFO] [stdout]    |
[INFO] [stdout] 80 |             0x6000...0x7FFF => cartridge.prg_ram[(address - 0x6000) as usize],
[INFO] [stdout]    |                   ^^^ help: use `..=` for an inclusive range
[INFO] [stdout]    |
[INFO] [stdout]    = warning: this was previously accepted by the compiler but is being phased out; it will become a hard error in the 2021 edition!
[INFO] [stdout]    = note: for more information, see issue #80165 <https://github.com/rust-lang/rust/issues/80165>
[INFO] [stdout] 
[INFO] [stdout] 
[INFO] [stdout] warning: `...` range patterns are deprecated
[INFO] [stdout]   --> src/controller.rs:83:19
[INFO] [stdout]    |
[INFO] [stdout] 83 |             0x8000...0xBFFF => cartridge.prg_rom[(address - 0x8000) as usize],
[INFO] [stdout]    |                   ^^^ help: use `..=` for an inclusive range
[INFO] [stdout]    |
[INFO] [stdout]    = warning: this was previously accepted by the compiler but is being phased out; it will become a hard error in the 2021 edition!
[INFO] [stdout]    = note: for more information, see issue #80165 <https://github.com/rust-lang/rust/issues/80165>
[INFO] [stdout] 
[INFO] [stdout] 
[INFO] [stdout] warning: `...` range patterns are deprecated
[INFO] [stdout]   --> src/controller.rs:86:19
[INFO] [stdout]    |
[INFO] [stdout] 86 |             0xC000...0xFFFF => {
[INFO] [stdout]    |                   ^^^ help: use `..=` for an inclusive range
[INFO] [stdout]    |
[INFO] [stdout]    = warning: this was previously accepted by the compiler but is being phased out; it will become a hard error in the 2021 edition!
[INFO] [stdout]    = note: for more information, see issue #80165 <https://github.com/rust-lang/rust/issues/80165>
[INFO] [stdout] 
[INFO] [stdout] 
[INFO] [stdout] warning: `...` range patterns are deprecated
[INFO] [stdout]    --> src/controller.rs:112:19
[INFO] [stdout]     |
[INFO] [stdout] 112 |             0x0000...0x1FFF => {
[INFO] [stdout]     |                   ^^^ help: use `..=` for an inclusive range
[INFO] [stdout]     |
[INFO] [stdout]     = warning: this was previously accepted by the compiler but is being phased out; it will become a hard error in the 2021 edition!
[INFO] [stdout]     = note: for more information, see issue #80165 <https://github.com/rust-lang/rust/issues/80165>
[INFO] [stdout] 
[INFO] [stdout] 
[INFO] [stdout] warning: `...` range patterns are deprecated
[INFO] [stdout]    --> src/controller.rs:117:19
[INFO] [stdout]     |
[INFO] [stdout] 117 |             0x6000...0x7FFF => {
[INFO] [stdout]     |                   ^^^ help: use `..=` for an inclusive range
[INFO] [stdout]     |
[INFO] [stdout]     = warning: this was previously accepted by the compiler but is being phased out; it will become a hard error in the 2021 edition!
[INFO] [stdout]     = note: for more information, see issue #80165 <https://github.com/rust-lang/rust/issues/80165>
[INFO] [stdout] 
[INFO] [stdout] 
[INFO] [stdout] warning: `...` range patterns are deprecated
[INFO] [stdout]    --> src/controller.rs:138:19
[INFO] [stdout]     |
[INFO] [stdout] 138 |             0x0000...0x1FFF => cartridge.chr[address as usize],
[INFO] [stdout]     |                   ^^^ help: use `..=` for an inclusive range
[INFO] [stdout]     |
[INFO] [stdout]     = warning: this was previously accepted by the compiler but is being phased out; it will become a hard error in the 2021 edition!
[INFO] [stdout]     = note: for more information, see issue #80165 <https://github.com/rust-lang/rust/issues/80165>
[INFO] [stdout] 
[INFO] [stdout] 
[INFO] [stdout] warning: `...` range patterns are deprecated
[INFO] [stdout]    --> src/controller.rs:142:19
[INFO] [stdout]     |
[INFO] [stdout] 142 |             0x2000...0x3EFF => {
[INFO] [stdout]     |                   ^^^ help: use `..=` for an inclusive range
[INFO] [stdout]     |
[INFO] [stdout]     = warning: this was previously accepted by the compiler but is being phased out; it will become a hard error in the 2021 edition!
[INFO] [stdout]     = note: for more information, see issue #80165 <https://github.com/rust-lang/rust/issues/80165>
[INFO] [stdout] 
[INFO] [stdout] 
[INFO] [stdout] warning: `...` range patterns are deprecated
[INFO] [stdout]    --> src/controller.rs:146:30
[INFO] [stdout]     |
[INFO] [stdout] 146 |                         0x000...0x3FF => ram[address],
[INFO] [stdout]     |                              ^^^ help: use `..=` for an inclusive range
[INFO] [stdout]     |
[INFO] [stdout]     = warning: this was previously accepted by the compiler but is being phased out; it will become a hard error in the 2021 edition!
[INFO] [stdout]     = note: for more information, see issue #80165 <https://github.com/rust-lang/rust/issues/80165>
[INFO] [stdout] 
[INFO] [stdout] 
[INFO] [stdout] warning: `...` range patterns are deprecated
[INFO] [stdout]    --> src/controller.rs:147:30
[INFO] [stdout]     |
[INFO] [stdout] 147 |                         0x400...0x7FF => ram[address - 0x400],
[INFO] [stdout]     |                              ^^^ help: use `..=` for an inclusive range
[INFO] [stdout]     |
[INFO] [stdout]     = warning: this was previously accepted by the compiler but is being phased out; it will become a hard error in the 2021 edition!
[INFO] [stdout]     = note: for more information, see issue #80165 <https://github.com/rust-lang/rust/issues/80165>
[INFO] [stdout] 
[INFO] [stdout] 
[INFO] [stdout] warning: `...` range patterns are deprecated
[INFO] [stdout]    --> src/controller.rs:148:30
[INFO] [stdout]     |
[INFO] [stdout] 148 |                         0x800...0xBFF => ram[address - 0x400],
[INFO] [stdout]     |                              ^^^ help: use `..=` for an inclusive range
[INFO] [stdout]     |
[INFO] [stdout]     = warning: this was previously accepted by the compiler but is being phased out; it will become a hard error in the 2021 edition!
[INFO] [stdout]     = note: for more information, see issue #80165 <https://github.com/rust-lang/rust/issues/80165>
[INFO] [stdout] 
[INFO] [stdout] 
[INFO] [stdout] warning: `...` range patterns are deprecated
[INFO] [stdout]    --> src/controller.rs:149:30
[INFO] [stdout]     |
[INFO] [stdout] 149 |                         0xC00...0xFFF => ram[address - 0x800],
[INFO] [stdout]     |                              ^^^ help: use `..=` for an inclusive range
[INFO] [stdout]     |
[INFO] [stdout]     = warning: this was previously accepted by the compiler but is being phased out; it will become a hard error in the 2021 edition!
[INFO] [stdout]     = note: for more information, see issue #80165 <https://github.com/rust-lang/rust/issues/80165>
[INFO] [stdout] 
[INFO] [stdout] 
[INFO] [stdout] warning: `...` range patterns are deprecated
[INFO] [stdout]    --> src/controller.rs:155:30
[INFO] [stdout]     |
[INFO] [stdout] 155 |                         0x000...0x3FF => ram[address],
[INFO] [stdout]     |                              ^^^ help: use `..=` for an inclusive range
[INFO] [stdout]     |
[INFO] [stdout]     = warning: this was previously accepted by the compiler but is being phased out; it will become a hard error in the 2021 edition!
[INFO] [stdout]     = note: for more information, see issue #80165 <https://github.com/rust-lang/rust/issues/80165>
[INFO] [stdout] 
[INFO] [stdout] 
[INFO] [stdout] warning: `...` range patterns are deprecated
[INFO] [stdout]    --> src/controller.rs:156:30
[INFO] [stdout]     |
[INFO] [stdout] 156 |                         0x400...0x7FF => ram[address],
[INFO] [stdout]     |                              ^^^ help: use `..=` for an inclusive range
[INFO] [stdout]     |
[INFO] [stdout]     = warning: this was previously accepted by the compiler but is being phased out; it will become a hard error in the 2021 edition!
[INFO] [stdout]     = note: for more information, see issue #80165 <https://github.com/rust-lang/rust/issues/80165>
[INFO] [stdout] 
[INFO] [stdout] 
[INFO] [stdout] warning: `...` range patterns are deprecated
[INFO] [stdout]    --> src/controller.rs:157:30
[INFO] [stdout]     |
[INFO] [stdout] 157 |                         0x800...0xBFF => ram[address - 0x800],
[INFO] [stdout]     |                              ^^^ help: use `..=` for an inclusive range
[INFO] [stdout]     |
[INFO] [stdout]     = warning: this was previously accepted by the compiler but is being phased out; it will become a hard error in the 2021 edition!
[INFO] [stdout]     = note: for more information, see issue #80165 <https://github.com/rust-lang/rust/issues/80165>
[INFO] [stdout] 
[INFO] [stdout] 
[INFO] [stdout] warning: `...` range patterns are deprecated
[INFO] [stdout]    --> src/controller.rs:158:30
[INFO] [stdout]     |
[INFO] [stdout] 158 |                         0xC00...0xFFF => ram[address - 0x800],
[INFO] [stdout]     |                              ^^^ help: use `..=` for an inclusive range
[INFO] [stdout]     |
[INFO] [stdout]     = warning: this was previously accepted by the compiler but is being phased out; it will become a hard error in the 2021 edition!
[INFO] [stdout]     = note: for more information, see issue #80165 <https://github.com/rust-lang/rust/issues/80165>
[INFO] [stdout] 
[INFO] [stdout] 
[INFO] [stdout] warning: `...` range patterns are deprecated
[INFO] [stdout]    --> src/controller.rs:166:19
[INFO] [stdout]     |
[INFO] [stdout] 166 |             0x3F00...0x3F1F => palette[((address as usize) - 0x3F00) & 0x1F],
[INFO] [stdout]     |                   ^^^ help: use `..=` for an inclusive range
[INFO] [stdout]     |
[INFO] [stdout]     = warning: this was previously accepted by the compiler but is being phased out; it will become a hard error in the 2021 edition!
[INFO] [stdout]     = note: for more information, see issue #80165 <https://github.com/rust-lang/rust/issues/80165>
[INFO] [stdout] 
[INFO] [stdout] 
[INFO] [stdout] warning: `...` range patterns are deprecated
[INFO] [stdout]    --> src/controller.rs:185:19
[INFO] [stdout]     |
[INFO] [stdout] 185 |             0x0000...0x1FFF if cartridge.chr_mutable => {
[INFO] [stdout]     |                   ^^^ help: use `..=` for an inclusive range
[INFO] [stdout]     |
[INFO] [stdout]     = warning: this was previously accepted by the compiler but is being phased out; it will become a hard error in the 2021 edition!
[INFO] [stdout]     = note: for more information, see issue #80165 <https://github.com/rust-lang/rust/issues/80165>
[INFO] [stdout] 
[INFO] [stdout] 
[INFO] [stdout] warning: `...` range patterns are deprecated
[INFO] [stdout]    --> src/controller.rs:191:19
[INFO] [stdout]     |
[INFO] [stdout] 191 |             0x2000...0x3EFF => {
[INFO] [stdout]     |                   ^^^ help: use `..=` for an inclusive range
[INFO] [stdout]     |
[INFO] [stdout]     = warning: this was previously accepted by the compiler but is being phased out; it will become a hard error in the 2021 edition!
[INFO] [stdout]     = note: for more information, see issue #80165 <https://github.com/rust-lang/rust/issues/80165>
[INFO] [stdout] 
[INFO] [stdout] 
[INFO] [stdout] warning: `...` range patterns are deprecated
[INFO] [stdout]    --> src/controller.rs:195:30
[INFO] [stdout]     |
[INFO] [stdout] 195 |                         0x000...0x3FF => {
[INFO] [stdout]     |                              ^^^ help: use `..=` for an inclusive range
[INFO] [stdout]     |
[INFO] [stdout]     = warning: this was previously accepted by the compiler but is being phased out; it will become a hard error in the 2021 edition!
[INFO] [stdout]     = note: for more information, see issue #80165 <https://github.com/rust-lang/rust/issues/80165>
[INFO] [stdout] 
[INFO] [stdout] 
[INFO] [stdout] warning: `...` range patterns are deprecated
[INFO] [stdout]    --> src/controller.rs:198:30
[INFO] [stdout]     |
[INFO] [stdout] 198 |                         0x400...0x7FF => {
[INFO] [stdout]     |                              ^^^ help: use `..=` for an inclusive range
[INFO] [stdout]     |
[INFO] [stdout]     = warning: this was previously accepted by the compiler but is being phased out; it will become a hard error in the 2021 edition!
[INFO] [stdout]     = note: for more information, see issue #80165 <https://github.com/rust-lang/rust/issues/80165>
[INFO] [stdout] 
[INFO] [stdout] 
[INFO] [stdout] warning: `...` range patterns are deprecated
[INFO] [stdout]    --> src/controller.rs:201:30
[INFO] [stdout]     |
[INFO] [stdout] 201 |                         0x800...0xBFF => {
[INFO] [stdout]     |                              ^^^ help: use `..=` for an inclusive range
[INFO] [stdout]     |
[INFO] [stdout]     = warning: this was previously accepted by the compiler but is being phased out; it will become a hard error in the 2021 edition!
[INFO] [stdout]     = note: for more information, see issue #80165 <https://github.com/rust-lang/rust/issues/80165>
[INFO] [stdout] 
[INFO] [stdout] 
[INFO] [stdout] warning: `...` range patterns are deprecated
[INFO] [stdout]    --> src/controller.rs:204:30
[INFO] [stdout]     |
[INFO] [stdout] 204 |                         0xC00...0xFFF => {
[INFO] [stdout]     |                              ^^^ help: use `..=` for an inclusive range
[INFO] [stdout]     |
[INFO] [stdout]     = warning: this was previously accepted by the compiler but is being phased out; it will become a hard error in the 2021 edition!
[INFO] [stdout]     = note: for more information, see issue #80165 <https://github.com/rust-lang/rust/issues/80165>
[INFO] [stdout] 
[INFO] [stdout] 
[INFO] [stdout] warning: `...` range patterns are deprecated
[INFO] [stdout]    --> src/controller.rs:212:30
[INFO] [stdout]     |
[INFO] [stdout] 212 |                         0x000...0x3FF => {
[INFO] [stdout]     |                              ^^^ help: use `..=` for an inclusive range
[INFO] [stdout]     |
[INFO] [stdout]     = warning: this was previously accepted by the compiler but is being phased out; it will become a hard error in the 2021 edition!
[INFO] [stdout]     = note: for more information, see issue #80165 <https://github.com/rust-lang/rust/issues/80165>
[INFO] [stdout] 
[INFO] [stdout] 
[INFO] [stdout] warning: `...` range patterns are deprecated
[INFO] [stdout]    --> src/controller.rs:215:30
[INFO] [stdout]     |
[INFO] [stdout] 215 |                         0x400...0x7FF => {
[INFO] [stdout]     |                              ^^^ help: use `..=` for an inclusive range
[INFO] [stdout]     |
[INFO] [stdout]     = warning: this was previously accepted by the compiler but is being phased out; it will become a hard error in the 2021 edition!
[INFO] [stdout]     = note: for more information, see issue #80165 <https://github.com/rust-lang/rust/issues/80165>
[INFO] [stdout] 
[INFO] [stdout] 
[INFO] [stdout] warning: `...` range patterns are deprecated
[INFO] [stdout]    --> src/controller.rs:218:30
[INFO] [stdout]     |
[INFO] [stdout] 218 |                         0x800...0xBFF => {
[INFO] [stdout]     |                              ^^^ help: use `..=` for an inclusive range
[INFO] [stdout]     |
[INFO] [stdout]     = warning: this was previously accepted by the compiler but is being phased out; it will become a hard error in the 2021 edition!
[INFO] [stdout]     = note: for more information, see issue #80165 <https://github.com/rust-lang/rust/issues/80165>
[INFO] [stdout] 
[INFO] [stdout] 
[INFO] [stdout] warning: `...` range patterns are deprecated
[INFO] [stdout]    --> src/controller.rs:221:30
[INFO] [stdout]     |
[INFO] [stdout] 221 |                         0xC00...0xFFF => {
[INFO] [stdout]     |                              ^^^ help: use `..=` for an inclusive range
[INFO] [stdout]     |
[INFO] [stdout]     = warning: this was previously accepted by the compiler but is being phased out; it will become a hard error in the 2021 edition!
[INFO] [stdout]     = note: for more information, see issue #80165 <https://github.com/rust-lang/rust/issues/80165>
[INFO] [stdout] 
[INFO] [stdout] 
[INFO] [stdout] warning: `...` range patterns are deprecated
[INFO] [stdout]    --> src/controller.rs:231:19
[INFO] [stdout]     |
[INFO] [stdout] 231 |             0x3F00...0x3F1F => {
[INFO] [stdout]     |                   ^^^ help: use `..=` for an inclusive range
[INFO] [stdout]     |
[INFO] [stdout]     = warning: this was previously accepted by the compiler but is being phased out; it will become a hard error in the 2021 edition!
[INFO] [stdout]     = note: for more information, see issue #80165 <https://github.com/rust-lang/rust/issues/80165>
[INFO] [stdout] 
[INFO] [stdout] 
[INFO] [stdout] warning: trait objects without an explicit `dyn` are deprecated
[INFO] [stdout]   --> src/mmu.rs:44:28
[INFO] [stdout]    |
[INFO] [stdout] 44 |     controller: Option<Box<controller::Controller>>,
[INFO] [stdout]    |                            ^^^^^^^^^^^^^^^^^^^^^^ help: use `dyn`: `dyn controller::Controller`
[INFO] [stdout]    |
[INFO] [stdout]    = warning: this was previously accepted by the compiler but is being phased out; it will become a hard error in the 2021 edition!
[INFO] [stdout]    = note: for more information, see issue #80165 <https://github.com/rust-lang/rust/issues/80165>
[INFO] [stdout] 
[INFO] [stdout] 
[INFO] [stdout] warning: `...` range patterns are deprecated
[INFO] [stdout]   --> src/bus.rs:57:19
[INFO] [stdout]    |
[INFO] [stdout] 57 |             0x2000...0x3FFF => self.ppu.read(&mut self.mmu, address),
[INFO] [stdout]    |                   ^^^ help: use `..=` for an inclusive range
[INFO] [stdout]    |
[INFO] [stdout]    = warning: this was previously accepted by the compiler but is being phased out; it will become a hard error in the 2021 edition!
[INFO] [stdout]    = note: for more information, see issue #80165 <https://github.com/rust-lang/rust/issues/80165>
[INFO] [stdout] 
[INFO] [stdout] 
[INFO] [stdout] warning: `...` range patterns are deprecated
[INFO] [stdout]   --> src/bus.rs:60:19
[INFO] [stdout]    |
[INFO] [stdout] 60 |             0x4000...0x4013 | 0x4015 => self.apu.read(address),
[INFO] [stdout]    |                   ^^^ help: use `..=` for an inclusive range
[INFO] [stdout]    |
[INFO] [stdout]    = warning: this was previously accepted by the compiler but is being phased out; it will become a hard error in the 2021 edition!
[INFO] [stdout]    = note: for more information, see issue #80165 <https://github.com/rust-lang/rust/issues/80165>
[INFO] [stdout] 
[INFO] [stdout] 
[INFO] [stdout] warning: `...` range patterns are deprecated
[INFO] [stdout]   --> src/bus.rs:96:19
[INFO] [stdout]    |
[INFO] [stdout] 96 |             0x2000...0x3FFF => {
[INFO] [stdout]    |                   ^^^ help: use `..=` for an inclusive range
[INFO] [stdout]    |
[INFO] [stdout]    = warning: this was previously accepted by the compiler but is being phased out; it will become a hard error in the 2021 edition!
[INFO] [stdout]    = note: for more information, see issue #80165 <https://github.com/rust-lang/rust/issues/80165>
[INFO] [stdout] 
[INFO] [stdout] 
[INFO] [stdout] warning: `...` range patterns are deprecated
[INFO] [stdout]    --> src/bus.rs:114:19
[INFO] [stdout]     |
[INFO] [stdout] 114 |             0x4000...0x4013 | 0x4015 => {
[INFO] [stdout]     |                   ^^^ help: use `..=` for an inclusive range
[INFO] [stdout]     |
[INFO] [stdout]     = warning: this was previously accepted by the compiler but is being phased out; it will become a hard error in the 2021 edition!
[INFO] [stdout]     = note: for more information, see issue #80165 <https://github.com/rust-lang/rust/issues/80165>
[INFO] [stdout] 
[INFO] [stdout] 
[INFO] [stdout] warning: use of deprecated macro `try`: use the `?` operator instead
[INFO] [stdout]   --> src/cpu/mod.rs:11:1
[INFO] [stdout]    |
[INFO] [stdout] 11 | / bitflags!(
[INFO] [stdout] 12 | |     #[derive(Default)]
[INFO] [stdout] 13 | |     pub flags Flags: u8 {
[INFO] [stdout] 14 | |         const CARRY         = 0b_0000_0001, // C
[INFO] [stdout] ...  |
[INFO] [stdout] 22 | |     }
[INFO] [stdout] 23 | | );
[INFO] [stdout]    | |__^
[INFO] [stdout]    |
[INFO] [stdout]    = note: `#[warn(deprecated)]` on by default
[INFO] [stdout]    = note: this warning originates in a macro (in Nightly builds, run with -Z macro-backtrace for more info)
[INFO] [stdout] 
[INFO] [stdout] 
[INFO] [stdout] warning: use of deprecated macro `try`: use the `?` operator instead
[INFO] [stdout]   --> src/cpu/mod.rs:11:1
[INFO] [stdout]    |
[INFO] [stdout] 11 | / bitflags!(
[INFO] [stdout] 12 | |     #[derive(Default)]
[INFO] [stdout] 13 | |     pub flags Flags: u8 {
[INFO] [stdout] 14 | |         const CARRY         = 0b_0000_0001, // C
[INFO] [stdout] ...  |
[INFO] [stdout] 22 | |     }
[INFO] [stdout] 23 | | );
[INFO] [stdout]    | |__^
[INFO] [stdout]    |
[INFO] [stdout]    = note: this warning originates in a macro (in Nightly builds, run with -Z macro-backtrace for more info)
[INFO] [stdout] 
[INFO] [stdout] 
[INFO] [stdout] warning: trait objects without an explicit `dyn` are deprecated
[INFO] [stdout]   --> src/ppu.rs:96:28
[INFO] [stdout]    |
[INFO] [stdout] 96 |     on_refresh: Option<Box<FnMut(Frame) -> ()>>,
[INFO] [stdout]    |                            ^^^^^^^^^^^^^^^^^^ help: use `dyn`: `dyn FnMut(Frame) -> ()`
[INFO] [stdout]    |
[INFO] [stdout]    = warning: this was previously accepted by the compiler but is being phased out; it will become a hard error in the 2021 edition!
[INFO] [stdout]    = note: for more information, see issue #80165 <https://github.com/rust-lang/rust/issues/80165>
[INFO] [stdout] 
[INFO] [stdout] 
[INFO] [stdout] warning: trait objects without an explicit `dyn` are deprecated
[INFO] [stdout]    --> src/ppu.rs:208:52
[INFO] [stdout]     |
[INFO] [stdout] 208 |     pub fn set_on_refresh(&mut self, callback: Box<FnMut(Frame) -> ()>) {
[INFO] [stdout]     |                                                    ^^^^^^^^^^^^^^^^^^ help: use `dyn`: `dyn FnMut(Frame) -> ()`
[INFO] [stdout]     |
[INFO] [stdout]     = warning: this was previously accepted by the compiler but is being phased out; it will become a hard error in the 2021 edition!
[INFO] [stdout]     = note: for more information, see issue #80165 <https://github.com/rust-lang/rust/issues/80165>
[INFO] [stdout] 
[INFO] [stdout] 
[INFO] [stdout] warning: trait objects without an explicit `dyn` are deprecated
[INFO] [stdout]    --> src/ppu.rs:252:43
[INFO] [stdout]     |
[INFO] [stdout] 252 |     fn fetch_nametable(&mut self, c: &mut Controller) {
[INFO] [stdout]     |                                           ^^^^^^^^^^ help: use `dyn`: `dyn Controller`
[INFO] [stdout]     |
[INFO] [stdout]     = warning: this was previously accepted by the compiler but is being phased out; it will become a hard error in the 2021 edition!
[INFO] [stdout]     = note: for more information, see issue #80165 <https://github.com/rust-lang/rust/issues/80165>
[INFO] [stdout] 
[INFO] [stdout] 
[INFO] [stdout] warning: trait objects without an explicit `dyn` are deprecated
[INFO] [stdout]    --> src/ppu.rs:257:43
[INFO] [stdout]     |
[INFO] [stdout] 257 |     fn fetch_attribute(&mut self, c: &mut Controller) {
[INFO] [stdout]     |                                           ^^^^^^^^^^ help: use `dyn`: `dyn Controller`
[INFO] [stdout]     |
[INFO] [stdout]     = warning: this was previously accepted by the compiler but is being phased out; it will become a hard error in the 2021 edition!
[INFO] [stdout]     = note: for more information, see issue #80165 <https://github.com/rust-lang/rust/issues/80165>
[INFO] [stdout] 
[INFO] [stdout] 
[INFO] [stdout] warning: trait objects without an explicit `dyn` are deprecated
[INFO] [stdout]    --> src/ppu.rs:277:41
[INFO] [stdout]     |
[INFO] [stdout] 277 |     fn fetch_tile_lo(&mut self, c: &mut Controller) {
[INFO] [stdout]     |                                         ^^^^^^^^^^ help: use `dyn`: `dyn Controller`
[INFO] [stdout]     |
[INFO] [stdout]     = warning: this was previously accepted by the compiler but is being phased out; it will become a hard error in the 2021 edition!
[INFO] [stdout]     = note: for more information, see issue #80165 <https://github.com/rust-lang/rust/issues/80165>
[INFO] [stdout] 
[INFO] [stdout] 
[INFO] [stdout] warning: trait objects without an explicit `dyn` are deprecated
[INFO] [stdout]    --> src/ppu.rs:300:41
[INFO] [stdout]     |
[INFO] [stdout] 300 |     fn fetch_tile_hi(&mut self, c: &mut Controller) {
[INFO] [stdout]     |                                         ^^^^^^^^^^ help: use `dyn`: `dyn Controller`
[INFO] [stdout]     |
[INFO] [stdout]     = warning: this was previously accepted by the compiler but is being phased out; it will become a hard error in the 2021 edition!
[INFO] [stdout]     = note: for more information, see issue #80165 <https://github.com/rust-lang/rust/issues/80165>
[INFO] [stdout] 
[INFO] [stdout] 
[INFO] [stdout] warning: trait objects without an explicit `dyn` are deprecated
[INFO] [stdout]    --> src/ppu.rs:365:40
[INFO] [stdout]     |
[INFO] [stdout] 365 |     fn render_pixel(&mut self, c: &mut Controller) {
[INFO] [stdout]     |                                        ^^^^^^^^^^ help: use `dyn`: `dyn Controller`
[INFO] [stdout]     |
[INFO] [stdout]     = warning: this was previously accepted by the compiler but is being phased out; it will become a hard error in the 2021 edition!
[INFO] [stdout]     = note: for more information, see issue #80165 <https://github.com/rust-lang/rust/issues/80165>
[INFO] [stdout] 
[INFO] [stdout] 
[INFO] [stdout] warning: trait objects without an explicit `dyn` are deprecated
[INFO] [stdout]    --> src/ppu.rs:390:36
[INFO] [stdout]     |
[INFO] [stdout] 390 |     pub fn step(&mut self, c: &mut Controller, nmi_occurred: &mut bool) {
[INFO] [stdout]     |                                    ^^^^^^^^^^ help: use `dyn`: `dyn Controller`
[INFO] [stdout]     |
[INFO] [stdout]     = warning: this was previously accepted by the compiler but is being phased out; it will become a hard error in the 2021 edition!
[INFO] [stdout]     = note: for more information, see issue #80165 <https://github.com/rust-lang/rust/issues/80165>
[INFO] [stdout] 
[INFO] [stdout] 
[INFO] [stdout] warning: trait objects without an explicit `dyn` are deprecated
[INFO] [stdout]    --> src/ppu.rs:510:36
[INFO] [stdout]     |
[INFO] [stdout] 510 |     pub fn read(&mut self, _: &mut Controller, address: u16) -> u8 {
[INFO] [stdout]     |                                    ^^^^^^^^^^ help: use `dyn`: `dyn Controller`
[INFO] [stdout]     |
[INFO] [stdout]     = warning: this was previously accepted by the compiler but is being phased out; it will become a hard error in the 2021 edition!
[INFO] [stdout]     = note: for more information, see issue #80165 <https://github.com/rust-lang/rust/issues/80165>
[INFO] [stdout] 
[INFO] [stdout] 
[INFO] [stdout] warning: trait objects without an explicit `dyn` are deprecated
[INFO] [stdout]    --> src/ppu.rs:542:37
[INFO] [stdout]     |
[INFO] [stdout] 542 |     pub fn write(&mut self, c: &mut Controller, address: u16, value: u8) {
[INFO] [stdout]     |                                     ^^^^^^^^^^ help: use `dyn`: `dyn Controller`
[INFO] [stdout]     |
[INFO] [stdout]     = warning: this was previously accepted by the compiler but is being phased out; it will become a hard error in the 2021 edition!
[INFO] [stdout]     = note: for more information, see issue #80165 <https://github.com/rust-lang/rust/issues/80165>
[INFO] [stdout] 
[INFO] [stdout] 
[INFO] [stdout] warning: trait objects without an explicit `dyn` are deprecated
[INFO] [stdout]   --> src/machine.rs:21:58
[INFO] [stdout]    |
[INFO] [stdout] 21 |     pub fn set_on_video_refresh(&mut self, callback: Box<FnMut(ppu::Frame) -> ()>) {
[INFO] [stdout]    |                                                          ^^^^^^^^^^^^^^^^^^^^^^^ help: use `dyn`: `dyn FnMut(ppu::Frame) -> ()`
[INFO] [stdout]    |
[INFO] [stdout]    = warning: this was previously accepted by the compiler but is being phased out; it will become a hard error in the 2021 edition!
[INFO] [stdout]    = note: for more information, see issue #80165 <https://github.com/rust-lang/rust/issues/80165>
[INFO] [stdout] 
[INFO] [stdout] 
[INFO] [stdout] error[E0308]: mismatched types
[INFO] [stdout]    --> src/ppu.rs:407:50
[INFO] [stdout]     |
[INFO] [stdout] 407 |         if self.line <= 239 && (1..257).contains(self.dots) {
[INFO] [stdout]     |                                                  ^^^^^^^^^
[INFO] [stdout]     |                                                  |
[INFO] [stdout]     |                                                  expected reference, found `u16`
[INFO] [stdout]     |                                                  help: consider borrowing here: `&self.dots`
[INFO] [stdout]     |
[INFO] [stdout]     = note: expected reference `&_`
[INFO] [stdout]                     found type `u16`
[INFO] [stdout] 
[INFO] [stdout] 
[INFO] [stdout] error[E0308]: mismatched types
[INFO] [stdout]    --> src/ppu.rs:416:38
[INFO] [stdout]     |
[INFO] [stdout] 416 |                 if (2..258).contains(self.dots) || (322..338).contains(self.dots) {
[INFO] [stdout]     |                                      ^^^^^^^^^
[INFO] [stdout]     |                                      |
[INFO] [stdout]     |                                      expected reference, found `u16`
[INFO] [stdout]     |                                      help: consider borrowing here: `&self.dots`
[INFO] [stdout]     |
[INFO] [stdout]     = note: expected reference `&_`
[INFO] [stdout]                     found type `u16`
[INFO] [stdout] 
[INFO] [stdout] 
[INFO] [stdout] error[E0308]: mismatched types
[INFO] [stdout]    --> src/ppu.rs:416:72
[INFO] [stdout]     |
[INFO] [stdout] 416 |                 if (2..258).contains(self.dots) || (322..338).contains(self.dots) {
[INFO] [stdout]     |                                                                        ^^^^^^^^^
[INFO] [stdout]     |                                                                        |
[INFO] [stdout]     |                                                                        expected reference, found `u16`
[INFO] [stdout]     |                                                                        help: consider borrowing here: `&self.dots`
[INFO] [stdout]     |
[INFO] [stdout]     = note: expected reference `&_`
[INFO] [stdout]                     found type `u16`
[INFO] [stdout] 
[INFO] [stdout] 
[INFO] [stdout] error[E0308]: mismatched types
[INFO] [stdout]    --> src/ppu.rs:421:38
[INFO] [stdout]     |
[INFO] [stdout] 421 |                 if (1..257).contains(self.dots) || (321..337).contains(self.dots) {
[INFO] [stdout]     |                                      ^^^^^^^^^
[INFO] [stdout]     |                                      |
[INFO] [stdout]     |                                      expected reference, found `u16`
[INFO] [stdout]     |                                      help: consider borrowing here: `&self.dots`
[INFO] [stdout]     |
[INFO] [stdout]     = note: expected reference `&_`
[INFO] [stdout]                     found type `u16`
[INFO] [stdout] 
[INFO] [stdout] 
[INFO] [stdout] error[E0308]: mismatched types
[INFO] [stdout]    --> src/ppu.rs:421:72
[INFO] [stdout]     |
[INFO] [stdout] 421 |                 if (1..257).contains(self.dots) || (321..337).contains(self.dots) {
[INFO] [stdout]     |                                                                        ^^^^^^^^^
[INFO] [stdout]     |                                                                        |
[INFO] [stdout]     |                                                                        expected reference, found `u16`
[INFO] [stdout]     |                                                                        help: consider borrowing here: `&self.dots`
[INFO] [stdout]     |
[INFO] [stdout]     = note: expected reference `&_`
[INFO] [stdout]                     found type `u16`
[INFO] [stdout] 
[INFO] [stdout] 
[INFO] [stdout] error[E0308]: mismatched types
[INFO] [stdout]    --> src/ppu.rs:457:56
[INFO] [stdout]     |
[INFO] [stdout] 457 |             if self.line == 261 && (280..305).contains(self.dots) {
[INFO] [stdout]     |                                                        ^^^^^^^^^
[INFO] [stdout]     |                                                        |
[INFO] [stdout]     |                                                        expected reference, found `u16`
[INFO] [stdout]     |                                                        help: consider borrowing here: `&self.dots`
[INFO] [stdout]     |
[INFO] [stdout]     = note: expected reference `&_`
[INFO] [stdout]                     found type `u16`
[INFO] [stdout] 
[INFO] [stdout] 
[INFO] [stdout] error: aborting due to 6 previous errors; 47 warnings emitted
[INFO] [stdout] 
[INFO] [stdout] 
[INFO] [stdout] For more information about this error, try `rustc --explain E0308`.
[INFO] [stdout] 
[INFO] [stderr] error: could not compile `lintel_nes`
[INFO] [stderr] 
[INFO] [stderr] To learn more, run the command again with --verbose.
[INFO] running `Command { std: "docker" "inspect" "2e62f0a8f7700ce5725bcae492d9901eab38e95c64ca139f45f6fe072fc5ac3a", kill_on_drop: false }`
[INFO] running `Command { std: "docker" "rm" "-f" "2e62f0a8f7700ce5725bcae492d9901eab38e95c64ca139f45f6fe072fc5ac3a", kill_on_drop: false }`
[INFO] [stdout] 2e62f0a8f7700ce5725bcae492d9901eab38e95c64ca139f45f6fe072fc5ac3a
